= -15, 0 = -5*f - 5*o + 985. What is the hundreds digit of f?
2
Suppose 4*s + 4*j - 12 = 0, 0 = 3*j - 1 - 2. Let n = s + -6. What is the tens digit of (-3 - 1) + (n - -36)?
2
Suppose -5*c = 3*a - 5094, a = -2*c - 2*c + 4078. What is the hundreds digit of c?
0
Let g(b) = -b**3 - 13*b**2 - 16*b - 4. What is the units digit of g(-12)?
4
Suppose -2*z = 4, -4*n + 5*z = -5*n - 5. Suppose -n*f + 234 = -2*f. What is the units digit of f?
8
Let i(l) = 15*l + 184. What is the units digit of i(26)?
4
Let q(v) be the third derivative of v**6/120 - 11*v**5/60 - 3*v**4/8 - 5*v**3/6 - 16*v**2. What is the tens digit of q(12)?
3
Let d(u) = -10 + 2 + 0 - 10*u. What is the tens digit of d(-3)?
2
Let c(n) = -66*n**3 + 3*n - 6. What is the units digit of c(-3)?
7
Let q = 303 + -276. What is the tens digit of q?
2
Suppose 1324 = -19*m + 21*m. What is the hundreds digit of m?
6
Let f(z) = -z**2 + 2*z - 1. Let w be f(3). Let n be 4*w/((-16)/165). Suppose -2*k = 3*k - n. What is the tens digit of k?
3
Let u be (-1 - 1)/(4/(-6)). Let x = 2 - u. What is the tens digit of 20*(1 + 1 + x)?
2
Let w(r) = -r**2 + 5*r + 6. Let c be w(6). Suppose f - 2 - 27 = c. Suppose -z + i + f = 2*z, 3*z - 13 = 5*i. What is the tens digit of z?
1
Let s(o) = -9*o**3 - 3*o**2 - 10*o + 2. Let u(h) = 17*h**3 + 6*h**2 + 19*h - 4. Let g(l) = -11*s(l) - 6*u(l). What is the tens digit of g(-3)?
6
Suppose 3*a - 4 = 5*j, -6*j = 2*a - j - 11. Suppose 0 = a*s - 92 - 148. What is the units digit of s?
0
Let t(u) = 57*u + 445. What is the hundreds digit of t(28)?
0
What is the units digit of (4 - (-1 - -11))*(-48)/9?
2
Suppose 6*o + 0*o = 408. Suppose -6 - o = -p. What is the units digit of p?
4
Suppose 0*y + 3*y - 1145 = 5*w, -1138 = -3*y - 2*w. Let x be y/24 - 1/(-6). What is the tens digit of (10 + -14)/((-1)/x)?
6
What is the hundreds digit of -3 - (6 + -476 + 12/4)?
4
Suppose k + 23 = 5*k - h, 3*k + 3*h = 36. Suppose 10*d - 6*d - 16 = 0. Suppose d*i + 3 = k. What is the units digit of i?
1
Let w(v) = -752*v - 544. What is the tens digit of w(-4)?
6
Let k = 4575 - 2269. What is the units digit of k?
6
Suppose 0 = -9*j + 1238 - 338. What is the units digit of j?
0
Suppose -252 = -b - 3*b. Suppose -b = -2*p + 57. What is the units digit of p?
0
Suppose 3*z = -s + 231, 34*s = 39*s. What is the units digit of z?
7
Let g = -577 - -932. What is the hundreds digit of g?
3
Let m(o) = -32*o + 4. Let y be (-4 + (-8)/(-1))*9/(-6). What is the hundreds digit of m(y)?
1
Let r = -1673 + 1109. What is the units digit of (r/36)/((-2)/12)?
4
Let n(h) = -h**2 - 14*h + 6. Let y = -12 + -2. Let c be n(y). What is the units digit of 4/6 - (-20)/c?
4
Suppose 37 = t - 0*t. Let c = t - -2. Suppose -4*r - 5*j = -c, 0 = -j - 1. What is the tens digit of r?
1
Suppose 3993 = -1476*g + 1487*g. What is the units digit of g?
3
Let f(j) = -j**3 - 13*j**2 - 28*j - 10. Let d be f(-12). What is the units digit of (-78)/d - 395/(-7)?
6
What is the units digit of ((-7)/1 + 8)*2 - -855?
7
Let y(w) be the first derivative of -2*w**3/3 - 23*w**2/2 - 19*w + 17. What is the units digit of y(-10)?
1
Let d(m) = 11*m**2 + 2*m - 18. What is the tens digit of d(5)?
6
Suppose 5*x = 0, 2*d - x = -0 - 42. What is the tens digit of (39/(-4))/(d/224)?
0
Let a = -913 - -1764. What is the tens digit of a?
5
Let o(k) = k**3 - 7*k**2 + 6*k - 8. Let y be o(7). Suppose 2*r = 5*z - 818, -2*r = -3*z + 524 - y. What is the units digit of z?
4
Let j = -605 + 954. What is the units digit of j?
9
Suppose 0 = 35*f - 33*f - 370. Suppose 0 = -8*z + 13*z - f. What is the tens digit of z?
3
Suppose 5*a + 3 = -j, -5*j + 4*j = -2*a - 4. Suppose -4*u = -10 - 6. Suppose j = p - u. What is the units digit of p?
6
Suppose -8 = 2*h, -l - 4*h = -0*h - 4093. What is the tens digit of l?
0
Let u(g) = 2*g - 1. Let s be u(-5). Let d(w) = -w - 19. Let y be d(s). What is the tens digit of (0 + y/(-10))*30?
2
Let l(w) = 36*w**2 + 5*w + 26. What is the units digit of l(-10)?
6
Let z(f) = 47*f + 150. What is the tens digit of z(14)?
0
Let j be (-35)/3 + 2/(-6). Let u = 37 + j. What is the units digit of u?
5
Let i(s) = s**3 + 5*s**2 - 7*s + 3. Let n be i(-6). Suppose 3*y = -d - 10, y = 5*d + n + 9. Let r = 6 - y. What is the units digit of r?
8
Let f be -6*(0 + -1)/3. Suppose -6*v = f*v - 304. What is the units digit of v?
8
Let y(r) = 1 + 0 - r + 2*r**2 + 0*r. Suppose -23*k - 12 = -19*k. What is the units digit of y(k)?
2
Let k = -605 - -955. What is the units digit of k?
0
Suppose 2*m - 3*m = 5*t - 2177, -2*m + 439 = t. What is the units digit of t?
5
Let c be (-54)/(-9) - (1 + 2). Suppose 2*r - 2*g - 205 = -g, 3*r - c*g = 300. Suppose -r = -j - 4*j. What is the tens digit of j?
2
What is the tens digit of ((-618)/(-4))/(6/12)?
0
Let q be 6/4*(-8)/(-6). Let x(i) = 2*i - 3*i + 2*i**3 - i**3 - 8 + 13*i**q. What is the units digit of x(-13)?
5
Suppose -10 = 2*c + 8*c. What is the tens digit of (-3)/(c - 3 - (-405)/102)?
0
Let f = -1032 - -1726. Suppose 3*p - 4*g + 235 = 4*p, 0 = -3*p - g + f. What is the hundreds digit of p?
2
Let x(d) be the first derivative of -d**3 + d**2 - 40*d + 10. Let s(q) = -2*q**2 + q - 27. Let y(b) = 7*s(b) - 5*x(b). What is the units digit of y(0)?
1
What is the units digit of 928 + (-17)/(119/28)?
4
Let y = 7 + 11. Let u be (-92)/(-6)*6/4. Let l = u - y. What is the units digit of l?
5
What is the tens digit of (-17)/(-51) - (-1415)/3?
7
Suppose -4*v = -8*f + 7*f + 10, 45 = 3*f + 3*v. Let k = 13 + f. What is the tens digit of k?
2
Let b = 54 - -60. Suppose 5*a = -b + 589. What is the units digit of a?
5
Let o be 2*(162/3)/(-6). Let n(b) = 24*b**2 + b. Let w be n(-1). Let r = o + w. What is the units digit of r?
5
Let p be 0/(-2)*1 - -2. Suppose -p*k + 0 = -8. What is the units digit of 0 - (k + 4 + -22)?
4
Let l be 3/(-4) + (-45)/(-12). What is the tens digit of (-8)/l*(-348)/4?
3
Suppose 2 + 2 = 2*o. Let f(i) = 6 + 5*i + 0 + i**o + 4*i + 4*i. What is the units digit of f(-13)?
6
Suppose 1 = 2*y - 7. Suppose -y*g = -7*g + 99. What is the tens digit of g?
3
Let h = 2 - 0. Let z be (-4 - -2)*(-5 + 0)/5. Suppose 0 = h*o + c - 48, -z*o + 0*c = -c - 40. What is the units digit of o?
2
Let b(d) = -511*d + 316. What is the tens digit of b(-4)?
6
Let f(m) = m + 1. Let q(d) = 11*d + 1. Let w(t) = -4*f(t) - q(t). What is the tens digit of w(-5)?
7
Suppose 352 = -l + 1641. What is the hundreds digit of l?
2
Let r be (-2)/(-8) - (-244)/16*-1. Let u = r - -117. What is the hundreds digit of u?
1
Suppose 12 = -3*m, -6*m + 3*m = -5*x + 12. Suppose x*a = -3*a + 561. What is the units digit of a?
7
Let z(q) = 3*q + 23. Let k be z(-6). Suppose -5*j + k*l = -710, -l + 282 = 2*j + 7. What is the units digit of j?
9
Suppose -2155*z + 2162*z = 6174. What is the units digit of z?
2
Let v(w) = -w**3 - 3*w**2 - 3*w - 1. Let o be v(-2). Let i = -33 - o. Let d = -25 - i. What is the units digit of d?
9
Let r be 80/60*(-354)/(-4). Suppose o = -4*o - d + 108, -5*o = -4*d - r. What is the tens digit of o?
2
Let g = -18 - -17. Let u(p) = -36*p - 3. Let i be u(g). Let c = i + -22. What is the tens digit of c?
1
Suppose -5*i - 2*x + 0*x = -45, -3*x = 3*i - 36. Suppose 3*y = i*y - 24. What is the units digit of y?
6
Let c(p) = 6*p**2 + 6*p - 9. Let o be c(-10). Suppose 2*s - 14 - 398 = -3*t, s = 4*t - o. What is the units digit of t?
4
Let a(x) = 2*x - 11*x - 8 - x**2 - 1. Let c be a(-7). Suppose -s - 4*z + 9 = -2*z, s = c*z - 19. What is the units digit of s?
1
Let i(a) = a**3 + 2*a**2 - 7*a + 5. Let s be i(9). Suppose -y = 6*y - s. What is the tens digit of y?
1
Suppose 5*f = 3*l + 1410, -846 = f - 4*f + 5*l. What is the tens digit of f?
8
Let d be (-50)/(-13) - 24/(-156). Let w(p) = 33*p - 21. Let z(x) = -17*x + 11. Let r(m) = 6*w(m) + 11*z(m). What is the tens digit of r(d)?
3
Suppose 0 = 5*z - 0*z - 2*b - 1190, 2*z - 490 = -2*b. What is the tens digit of z?
4
Suppose -g - p = -879, 8*g = 3*g - p + 4399. What is the tens digit of g?
8
Let g(m) = m**3 + 25*m**2 - 60*m + 55. What is the tens digit of g(-27)?
1
Suppose -20*r + 12 = -23*r. What is the tens digit of (-41 - 16/r)*(0 + -2)?
7
Let j = -22 + 16. Let v = 9 + j. Suppose -3*w + 6 = 0, v*b = b - w + 60. What is the units digit of b?
9
Let m(r) = 7*r + 35. Let u be m(-5). Let d(w) = w + 6. Let z be d(-5). Suppose u = 5*y - z - 